{"id":286,"date":"2016-10-31T13:17:59","date_gmt":"2016-10-31T16:17:59","guid":{"rendered":"https:\/\/ispaf-for.infd.edu.ar\/sitio\/?page_id=286"},"modified":"2026-08-20T15:44:49","modified_gmt":"2026-08-20T18:44:49","slug":"inicio","status":"publish","type":"page","link":"https:\/\/ispaf-for.infd.edu.ar\/sitio\/","title":{"rendered":"Inicio"},"content":{"rendered":"<div id=\"metaslider-id-1987\" style=\"width: 100%; margin: 0 auto;\" class=\"ml-slider-3-33-0 metaslider metaslider-flex metaslider-1987 ml-slider ms-theme-default\" role=\"region\" aria-roledescription=\"Slideshow\" aria-label=\"Slideshow\">\n    <div id=\"metaslider_container_1987\">\n        <div id=\"metaslider_1987\" class=\"flexslider\">\n            <ul aria-live=\"polite\" class=\"slides\">\n                <li style=\"display: block; width: 100%;\" class=\"slide-1991 ms-image\" aria-roledescription=\"slide\" aria-label=\"slide-1991\"><img src=\"https:\/\/ispaf-for.infd.edu.ar\/sitio\/wp-content\/uploads\/2023\/03\/PROFESORADOS-1-1200x200.png\" height=\"200\" width=\"1200\" alt=\"\" class=\"slider-1987 slide-1991\" title=\"PROFESORADOS\" \/><\/li>\n                <li style=\"display: none; width: 100%;\" class=\"slide-1993 ms-image\" aria-roledescription=\"slide\" aria-label=\"slide-1993\"><img src=\"https:\/\/ispaf-for.infd.edu.ar\/sitio\/wp-content\/uploads\/2023\/03\/TECNICOS-1-2-1200x200.png\" height=\"200\" width=\"1200\" alt=\"\" class=\"slider-1987 slide-1993\" title=\"TECNICOS 1\" \/><\/li>\n                <li style=\"display: none; width: 100%;\" class=\"slide-2157 ms-image\" aria-roledescription=\"slide\" aria-label=\"slide-2157\"><img src=\"https:\/\/ispaf-for.infd.edu.ar\/sitio\/wp-content\/uploads\/2023\/03\/TECNICOS-2-1-1200x200.png\" height=\"200\" width=\"1200\" alt=\"\" class=\"slider-1987 slide-2157\" title=\"TECNICOS 2\" \/><\/li>\n                <li style=\"display: none; width: 100%;\" class=\"slide-2311 ms-image\" aria-roledescription=\"slide\" aria-label=\"slide-2311\"><img src=\"https:\/\/ispaf-for.infd.edu.ar\/sitio\/wp-content\/uploads\/2023\/03\/CARRERAS-PRESENCIALES-2-1200x200.png\" height=\"200\" width=\"1200\" alt=\"\" class=\"slider-1987 slide-2311\" title=\"CARRERAS PRESENCIALES\" \/><\/li>\n            <\/ul>\n        <\/div>\n        \n    <\/div>\n<\/div>\n<p>&nbsp;<\/p>\n<div style=\"width: 854px;\" class=\"wp-video\"><!--[if lt IE 9]><script>document.createElement('video');<\/script><![endif]-->\n<video class=\"wp-video-shortcode\" id=\"video-286-1\" width=\"854\" height=\"480\" loop=\"1\" autoplay=\"1\" preload=\"auto\" controls=\"controls\"><source type=\"video\/mp4\" src=\"https:\/\/ispaf-for.infd.edu.ar\/sitio\/wp-content\/uploads\/2024\/05\/01-intro-ISPAF.mp4?_=1\" \/><a href=\"https:\/\/ispaf-for.infd.edu.ar\/sitio\/wp-content\/uploads\/2024\/05\/01-intro-ISPAF.mp4\">https:\/\/ispaf-for.infd.edu.ar\/sitio\/wp-content\/uploads\/2024\/05\/01-intro-ISPAF.mp4<\/a><\/video><\/div>\n<p>&nbsp;<\/p>\n<p><a href=\"https:\/\/www.youtube.com\/channel\/UCicyX4uTgKwxCFmb2X2ZJxQ\"><img decoding=\"async\" loading=\"lazy\" class=\"alignnone wp-image-1999 \" src=\"https:\/\/ispaf-for.infd.edu.ar\/sitio\/wp-content\/uploads\/2022\/08\/canal-de-youtube.jpg\" alt=\"\" width=\"157\" height=\"94\" \/>\u00a0 \u00a0 \u00a0 \u00a0 \u00a0 \u00a0 \u00a0 \u00a0 \u00a0 \u00a0 \u00a0 \u00a0 \u00a0 \u00a0 \u00a0 \u00a0 <\/a><a href=\"https:\/\/www.facebook.com\/ispaffsa\/\"><img decoding=\"async\" loading=\"lazy\" class=\"alignnone wp-image-2000\" src=\"https:\/\/ispaf-for.infd.edu.ar\/sitio\/wp-content\/uploads\/2022\/08\/face-1000x329.jpg\" alt=\"\" width=\"240\" height=\"79\" srcset=\"https:\/\/ispaf-for.infd.edu.ar\/sitio\/wp-content\/uploads\/2022\/08\/face-1000x329.jpg 1000w, https:\/\/ispaf-for.infd.edu.ar\/sitio\/wp-content\/uploads\/2022\/08\/face-768x252.jpg 768w, https:\/\/ispaf-for.infd.edu.ar\/sitio\/wp-content\/uploads\/2022\/08\/face.jpg 1035w\" sizes=\"(max-width: 240px) 100vw, 240px\" \/>\u00a0 \u00a0 \u00a0 \u00a0 \u00a0 \u00a0 \u00a0 \u00a0 \u00a0 \u00a0 \u00a0 \u00a0 \u00a0 \u00a0 \u00a0 <\/a><a href=\"https:\/\/instagram.com\/ispaf.formosa?igshid=YmMyMTA2M2Y=\"><img decoding=\"async\" loading=\"lazy\" class=\"alignnone wp-image-2009\" src=\"https:\/\/ispaf-for.infd.edu.ar\/sitio\/wp-content\/uploads\/2022\/08\/instagram.jpg\" alt=\"\" width=\"236\" height=\"85\" \/><\/a><\/p>\n<h3>Nuestro Instituto<\/h3>\n<p class=\"isSelectedEnd\">El <strong>Instituto Superior de Formaci\u00f3n Docente y T\u00e9cnica<\/strong>, integrante del <strong>Sistema de Educaci\u00f3n P\u00fablica de Gesti\u00f3n Estatal<\/strong>, tiene como prop\u00f3sito brindar una formaci\u00f3n de calidad, comprometida con el desarrollo educativo, cultural y profesional de nuestra comunidad.<\/p>\n<p class=\"isSelectedEnd\">A trav\u00e9s de este espacio institucional, nos proponemos <strong>comunicar novedades, acercar informaci\u00f3n de inter\u00e9s, compartir experiencias y ofrecer acompa\u00f1amiento y asesoramiento<\/strong> a estudiantes, docentes, graduados y a todas aquellas personas interesadas en formar parte de nuestra comunidad educativa.<\/p>\n<p class=\"isSelectedEnd\">Nuestro Instituto forma parte de la <strong>Red Virtual de Institutos Superiores de Formaci\u00f3n Docente<\/strong>, integrada por cientos de instituciones de todo el pa\u00eds y coordinada por el <strong>Instituto Nacional de Formaci\u00f3n Docente (INFoD)<\/strong>, dependiente del <strong>Ministerio de Educaci\u00f3n de la Naci\u00f3n<\/strong>.<\/p>\n<p>De este modo, fortalecemos nuestro compromiso con una educaci\u00f3n p\u00fablica de calidad, promoviendo la formaci\u00f3n permanente, el intercambio de experiencias y la construcci\u00f3n colectiva de conocimiento.<\/p>\n","protected":false},"excerpt":{"rendered":"<p>&nbsp; &nbsp; \u00a0 \u00a0 \u00a0 \u00a0 \u00a0 \u00a0 \u00a0 \u00a0 \u00a0 \u00a0 \u00a0 \u00a0 \u00a0 \u00a0 \u00a0 \u00a0 \u00a0 \u00a0 \u00a0 \u00a0 \u00a0 \u00a0 \u00a0 \u00a0 \u00a0 \u00a0 \u00a0 \u00a0 \u00a0 \u00a0 \u00a0 Nuestro Instituto El Instituto Superior de Formaci\u00f3n Docente y T\u00e9cnica, integrante del Sistema de Educaci\u00f3n P\u00fablica de Gesti\u00f3n Estatal, tiene como prop\u00f3sito &#8230; <a title=\"Inicio\" class=\"read-more\" href=\"https:\/\/ispaf-for.infd.edu.ar\/sitio\/\" aria-label=\"More on Inicio\">[+]<\/a><\/p>\n","protected":false},"author":67,"featured_media":0,"parent":0,"menu_order":0,"comment_status":"closed","ping_status":"closed","template":"","meta":[],"acf":[],"_links":{"self":[{"href":"https:\/\/ispaf-for.infd.edu.ar\/sitio\/wp-json\/wp\/v2\/pages\/286"}],"collection":[{"href":"https:\/\/ispaf-for.infd.edu.ar\/sitio\/wp-json\/wp\/v2\/pages"}],"about":[{"href":"https:\/\/ispaf-for.infd.edu.ar\/sitio\/wp-json\/wp\/v2\/types\/page"}],"author":[{"embeddable":true,"href":"https:\/\/ispaf-for.infd.edu.ar\/sitio\/wp-json\/wp\/v2\/users\/67"}],"replies":[{"embeddable":true,"href":"https:\/\/ispaf-for.infd.edu.ar\/sitio\/wp-json\/wp\/v2\/comments?post=286"}],"version-history":[{"count":467,"href":"https:\/\/ispaf-for.infd.edu.ar\/sitio\/wp-json\/wp\/v2\/pages\/286\/revisions"}],"predecessor-version":[{"id":3194,"href":"https:\/\/ispaf-for.infd.edu.ar\/sitio\/wp-json\/wp\/v2\/pages\/286\/revisions\/3194"}],"wp:attachment":[{"href":"https:\/\/ispaf-for.infd.edu.ar\/sitio\/wp-json\/wp\/v2\/media?parent=286"}],"curies":[{"name":"wp","href":"https:\/\/api.w.org\/{rel}","templated":true}]}}

<div id="metaslider-id-1987" style="width: 100%; margin: 0 auto;" class="ml-slider-3-33-0 metaslider metaslider-flex metaslider-1987 ml-slider ms-theme-default" role="region" aria-roledescription="Slideshow" aria-label="Slideshow">
    <div id="metaslider_container_1987">
        <div id="metaslider_1987" class="flexslider">
            <ul aria-live="polite" class="slides">
                <li style="display: block; width: 100%;" class="slide-1991 ms-image" aria-roledescription="slide" aria-label="slide-1991"><img src="https://ispaf-for.infd.edu.ar/sitio/wp-content/uploads/2023/03/PROFESORADOS-1-1200x200.png" height="200" width="1200" alt="" class="slider-1987 slide-1991" title="PROFESORADOS" /></li>
                <li style="display: none; width: 100%;" class="slide-1993 ms-image" aria-roledescription="slide" aria-label="slide-1993"><img src="https://ispaf-for.infd.edu.ar/sitio/wp-content/uploads/2023/03/TECNICOS-1-2-1200x200.png" height="200" width="1200" alt="" class="slider-1987 slide-1993" title="TECNICOS 1" /></li>
                <li style="display: none; width: 100%;" class="slide-2157 ms-image" aria-roledescription="slide" aria-label="slide-2157"><img src="https://ispaf-for.infd.edu.ar/sitio/wp-content/uploads/2023/03/TECNICOS-2-1-1200x200.png" height="200" width="1200" alt="" class="slider-1987 slide-2157" title="TECNICOS 2" /></li>
                <li style="display: none; width: 100%;" class="slide-2311 ms-image" aria-roledescription="slide" aria-label="slide-2311"><img src="https://ispaf-for.infd.edu.ar/sitio/wp-content/uploads/2023/03/CARRERAS-PRESENCIALES-2-1200x200.png" height="200" width="1200" alt="" class="slider-1987 slide-2311" title="CARRERAS PRESENCIALES" /></li>
            </ul>
        </div>
        
    </div>
</div>
<p>&nbsp;</p>
<div style="width: 854px;" class="wp-video"><!--[if lt IE 9]><script>document.createElement('video');</script><![endif]-->
<video class="wp-video-shortcode" id="video-286-1" width="854" height="480" loop="1" autoplay="1" preload="auto" controls="controls"><source type="video/mp4" src="https://ispaf-for.infd.edu.ar/sitio/wp-content/uploads/2024/05/01-intro-ISPAF.mp4?_=1" /><a href="https://ispaf-for.infd.edu.ar/sitio/wp-content/uploads/2024/05/01-intro-ISPAF.mp4">https://ispaf-for.infd.edu.ar/sitio/wp-content/uploads/2024/05/01-intro-ISPAF.mp4</a></video></div>
<p>&nbsp;</p>
<p><a href="https://www.youtube.com/channel/UCicyX4uTgKwxCFmb2X2ZJxQ"><img decoding="async" loading="lazy" class="alignnone wp-image-1999 " src="https://ispaf-for.infd.edu.ar/sitio/wp-content/uploads/2022/08/canal-de-youtube.jpg" alt="" width="157" height="94" />                                </a><a href="https://www.facebook.com/ispaffsa/"><img decoding="async" loading="lazy" class="alignnone wp-image-2000" src="https://ispaf-for.infd.edu.ar/sitio/wp-content/uploads/2022/08/face-1000x329.jpg" alt="" width="240" height="79" srcset="https://ispaf-for.infd.edu.ar/sitio/wp-content/uploads/2022/08/face-1000x329.jpg 1000w, https://ispaf-for.infd.edu.ar/sitio/wp-content/uploads/2022/08/face-768x252.jpg 768w, https://ispaf-for.infd.edu.ar/sitio/wp-content/uploads/2022/08/face.jpg 1035w" sizes="(max-width: 240px) 100vw, 240px" />                              </a><a href="https://instagram.com/ispaf.formosa?igshid=YmMyMTA2M2Y="><img decoding="async" loading="lazy" class="alignnone wp-image-2009" src="https://ispaf-for.infd.edu.ar/sitio/wp-content/uploads/2022/08/instagram.jpg" alt="" width="236" height="85" /></a></p>
<h3>Nuestro Instituto</h3>
<p class="isSelectedEnd">El <strong>Instituto Superior de Formación Docente y Técnica</strong>, integrante del <strong>Sistema de Educación Pública de Gestión Estatal</strong>, tiene como propósito brindar una formación de calidad, comprometida con el desarrollo educativo, cultural y profesional de nuestra comunidad.</p>
<p class="isSelectedEnd">A través de este espacio institucional, nos proponemos <strong>comunicar novedades, acercar información de interés, compartir experiencias y ofrecer acompañamiento y asesoramiento</strong> a estudiantes, docentes, graduados y a todas aquellas personas interesadas en formar parte de nuestra comunidad educativa.</p>
<p class="isSelectedEnd">Nuestro Instituto forma parte de la <strong>Red Virtual de Institutos Superiores de Formación Docente</strong>, integrada por cientos de instituciones de todo el país y coordinada por el <strong>Instituto Nacional de Formación Docente (INFoD)</strong>, dependiente del <strong>Ministerio de Educación de la Nación</strong>.</p>
<p>De este modo, fortalecemos nuestro compromiso con una educación pública de calidad, promoviendo la formación permanente, el intercambio de experiencias y la construcción colectiva de conocimiento.</p>

<p>&nbsp; &nbsp;                                                               Nuestro Instituto El Instituto Superior de Formación Docente y Técnica, integrante del Sistema de Educación Pública de Gestión Estatal, tiene como propósito &#8230; <a title="Inicio" class="read-more" href="https://ispaf-for.infd.edu.ar/sitio/" aria-label="More on Inicio">[+]</a></p>
